s the thousands digit of w?
1
Suppose 36 + 0 = 3*v. Suppose -8*f - 100 = -v*f. Let p = f - 23. What is the units digit of p?
2
Let v be (-2)/(-13) - (-594)/26. Suppose -v - 37 = -w. What is the tens digit of w?
6
What is the tens digit of (20398/93)/(2 - 10/6)?
5
Let d = 2139 - 1007. What is the hundreds digit of d?
1
Let b(y) = 9*y**2 - 215*y - 62. What is the units digit of b(34)?
2
Let l = 24 - 17. Let n(k) = -l + 3 + 6*k + 2. What is the units digit of n(3)?
6
Let b be 3 - 0 - (-1 + 0). Suppose -4*j - 65 = -b*l + j, 4*l - 30 = -2*j. Let n(r) = r**3 - 9*r**2 - 7*r - 10. What is the units digit of n(l)?
0
Suppose 3*n = -54 + 66, 4*f = 4*n + 5184. What is the units digit of f?
0
Let t(h) = 1076*h**2 - 4*h + 2. What is the tens digit of t(1)?
7
Let n(r) = 9*r - 5. Let a(c) = c**3 - 14*c**2 + 15*c - 22. Let v be a(13). What is the units digit of n(v)?
1
Suppose -3*y - 3*c = -5*y + 4, -4*y + 5*c + 12 = 0. Suppose y*r - 590 = 3*r. What is the hundreds digit of r?
1
Let y(s) = s**2 + 3*s + 13. Let f be y(7). Let z = 13 + f. What is the tens digit of z?
9
Let y = 19 - 16. Let m(j) be the second derivative of j**5/20 + j**4/12 - j**3/6 - 2*j**2 - j. What is the units digit of m(y)?
9
Let z be 114/(-15) - -8 - 56/(-10). What is the units digit of (-11 + -1)/(-4) + (7 - z)?
4
Let b(i) = 3*i - 23. Let v be b(9). Suppose 4*g - v*y = 0, 2*g + y = -2*y + 15. Suppose -2*q + g*m - 4*m + 58 = 0, 5*m - 74 = -2*q. What is the tens digit of q?
2
Let o(n) be the first derivative of 27*n**2/2 + 2*n - 9. Let b be o(6). Suppose -3*y + b = c + c, 5*y - 290 = 5*c. What is the tens digit of y?
5
Let d = 32 - 29. Suppose 2*f - 150 = -d*u, -14*u + 13*u - 300 = -4*f. What is the tens digit of f?
7
Suppose -a + 4*a - 856 = 4*g, -4*a + 4*g + 1140 = 0. Suppose a + 684 = 8*d. What is the tens digit of d?
2
Let c be 120/(-3)*(60/25)/(-2). Let m = 24 + c. What is the units digit of m?
2
Let f be (25/(-4))/(-4 - 1595/(-400)). Suppose 5*p - f = -4*u, 5*u - 3*u - p - 250 = 0. What is the hundreds digit of u?
1
Let r = -9 + 5. What is the tens digit of (-53)/(-2*((-10)/r + -2))?
5
Let m(c) = 2*c**2 - 6*c - 6. Let g(q) = 3*q**2 - 11*q - 11. Let t(r) = -3*g(r) + 5*m(r). Let k = -13 - -16. What is the tens digit of t(k)?
2
What is the units digit of (-27)/(-99) + (-550508)/(-154)?
5
Let p(o) = -49*o + 20. Let s be p(-6). Suppose 2*g - 2 = 0, -4*g - 402 - s = -5*v. What is the hundreds digit of v?
1
Let w = 9 - 7. Let a(y) = 3*y. Let r be a(w). Suppose -r*i = -4 - 50. What is the units digit of i?
9
Suppose -a - 4*t = -347 - 67, -5*t = 2*a - 837. What is the tens digit of a?
2
Let c = 9 - 5. Suppose 2*v + c*p = 30, -5 = -4*p + 7. Suppose -3*d - 21 = -3*f, -2*f - 3*d - v = -3. What is the units digit of f?
3
Let m(y) = -3*y**3 - 8*y**2 - 9*y - 33. What is the tens digit of m(-7)?
6
Let j be 26/2 + (3 - 2). Suppose 0 = -4*h + 2*s + j, 2*h + 5*s + 1 = -10. Suppose -4*l + 44 = -4*u, 3*l + 6*u + h = 2*u. What is the units digit of l?
6
Suppose -3*d + 2 = -v, -4*v - 3*d + 2*d = -18. Suppose -3*p = -3*u + 285, 3*u - v*p - 288 = -0*u. What is the units digit of u?
2
Let m = -4 - -7. Suppose 2*j - 164 = -4*z + m*j, 2*j = -4*z + 152. What is the units digit of z?
0
Let f(a) = 8*a - 75. What is the units digit of f(10)?
5
Let u(c) be the second derivative of c**7/180 - c**5/120 + c**4/4 - 5*c. Let k(r) be the third derivative of u(r). What is the tens digit of k(1)?
1
Suppose 7*x + 38 = 2*x + 4*f, 3*f + 24 = -5*x. What is the tens digit of ((-1)/(-3))/(x/(-2232))?
2
Let h(y) = -10*y**3 + 4*y**2 - 6*y + 10. What is the thousands digit of h(-5)?
1
Let j(t) = t**3 + 6*t**2 - 4*t - 17. Let x be j(-6). Suppose x*o - 4*o - 3 = 0. What is the units digit of o?
1
Let g(t) = -5 + 4*t - 173*t**3 + 5*t**2 + 174*t**3 - 11*t**2 + 2. What is the units digit of g(7)?
4
Suppose x - 1128 = 9*p - 12*p, 0 = -p. What is the tens digit of x?
2
Let d(l) = -l**3 - 7*l**2 + 4. Let h be d(-7). Suppose -3*v + y = -135 - 105, -h*y + 225 = 3*v. What is the units digit of v?
9
Let r = -7 + 7. Suppose w - 5*x - 200 = -4*w, r = 4*x - 16. Suppose -5*j + j = -w. What is the tens digit of j?
1
Let k(h) = 3*h - 1. Suppose -2*o - 5*p - 4 = 8, 4*p + 7 = o. Let a be k(o). What is the tens digit of 94/4 + a/(-8)?
2
Suppose 2*v + 2*v - 16 = 0. Suppose 1 + 25 = v*n - 2*b, 2*b = -6. Suppose 114 = n*q + 29. What is the units digit of q?
7
Suppose -3*f = -7*f + p + 15, -3*f = 3*p. Suppose 3*v - 245 = -4*u, f*v - 2*u = -2*v + 365. What is the units digit of v?
5
Let x(g) = 4*g**2 - g + 36. Let j be 918/170 - (-3)/5. What is the units digit of x(j)?
4
Suppose -189*r = -192*r + 1224. What is the hundreds digit of r?
4
Let n be 29*(1 + 0) - -2. Suppose w - 4*m - n = 0, w - 5*m + 2 - 33 = 0. Let t = 46 - w. What is the tens digit of t?
1
Let q = 1487 + -1216. What is the hundreds digit of q?
2
Let f(o) = o**2 + 1. Let t(l) = -8*l**2 + l + 1. Let h(r) = -4*f(r) - t(r). Suppose -g + 17 = -5*u, 0 = 4*u - 2*g - g + 18. What is the tens digit of h(u)?
3
Let j = -358 + 1007. Suppose -j = 4*h - 1969. What is the hundreds digit of h?
3
What is the hundreds digit of -2*(-171)/(-4)*(2 - 4)?
1
Suppose -9*j = -27*j + 36036. What is the units digit of j?
2
Let b(p) = -p. Let g be b(-6). What is the tens digit of 122*(g/(-4) - -2)?
6
Suppose 399 = 6*x - 5*x. Suppose 0*m - x = -3*m. What is the units digit of m?
3
Let i(o) = o**3 + 11*o**2 - 8*o - 18. Let f be (28/3)/(-2) - (-19)/(-57). What is the hundreds digit of i(f)?
1
Let q be (-58)/(-4)*2 - 4. Let a = -29 + q. What is the units digit of 5*(-4 - (-1 + a))?
5
Suppose w + 98 = -a - 4, -3*a + 4*w = 292. What is the units digit of (544/(-340))/(((-6)/a)/(-3))?
0
Let g = -76 - -293. Suppose 4*p - 143 - g = 0. What is the tens digit of p?
9
Let f = 245 - -1. What is the units digit of f?
6
Let j(h) = -h**3 - 32*h**2 - 7*h - 79. What is the tens digit of j(-32)?
4
Let p(r) = -2*r + 8. Let n = -1 + -3. What is the units digit of p(n)?
6
Let l(w) = -94*w + 26. What is the hundreds digit of l(-12)?
1
Let l = 22 + -26. Let f(h) = -3*h**3 - 5*h**2 + 4*h + 9. What is the tens digit of f(l)?
0
Suppose 7*l = l - 648. Let v = l - -189. What is the tens digit of v?
8
Let h(j) = 3*j**3 + j**2 - 2*j. Let u be h(1). Suppose 5*c - 91 = 3*t, 0*c = -c + u*t + 21. Suppose c = -5*l + 2, 2*f - 118 = 4*l. What is the tens digit of f?
5
Let o(l) = 5*l**3 - 12*l**2 + 11*l + 1. What is the tens digit of o(5)?
8
Let s = -16 - -1337. What is the hundreds digit of s?
3
Let t(l) = 3*l**2 - l + 1. Let d be t(3). Let s = d + -11. Let g = 21 - s. What is the units digit of g?
7
What is the tens digit of 50/(10 - (-30264)/(-3029))?
2
Suppose 53*p = 58*p - 15285. What is the units digit of p?
7
Let t(l) = l**3 + 7*l**2 - 3*l + 11. Let b be t(-5). Suppose 5*v - b = -h, -h + 0*v + 2*v = -90. What is the tens digit of h?
8
Let p = -16 + 18. Let y be p + 0 - 3/(-1). Suppose 2*a + 3 = y*w, w + 0*a - 2*a + 1 = 0. What is the units digit of w?
1
Let d(o) = -2*o**2 + 8*o - 6. Let m be d(9). Let l = -7 - m. What is the tens digit of l?
8
Let s(a) = -3*a - 24. Let d be s(7). Let z = d + 111. What is the tens digit of z?
6
Let q(g) = 4*g**3 - 14*g**2 + 18*g - 11. Let j(y) = 5*y**3 - 15*y**2 + 19*y - 10. Let l(p) = -3*j(p) + 4*q(p). What is the tens digit of l(12)?
1
Suppose 45*q - 54*q + 29664 = 0. What is the hundreds digit of q?
2
Let r be (1/(-6))/((-3)/18) + 1259. Suppose 7*b - r = -3*b. What is the units digit of b?
6
Let q be 303 + -4 + (-4 - -3). Suppose 1641 = 7*m - q. What is the tens digit of m?
7
Let v = 703 - -55. What is the units digit of v?
8
Suppose -15*q = -20*q + 500. Suppose -3*h = -r + 102, 2*r = 3*r - h - q. What is the tens digit of r?
9
Let q be (6/15)/(14/(-5) + 3). Suppose -5*h - q*i + i + 441 = 0, 0 = 4*h + 4*i - 356. What is the units digit of h?
8
Suppose -36*l = -53*l + 22355. What is the hundreds digit of l?
3
Let s(k) be the second derivative of -k**3/3 + 3*k**2/2 + k. Let b be s(0). Let x = 13 - b. What is the units digit of x?
0
Suppose -1599 + 6905 = 14*f. What is the hundreds digit of f?
3
Let j(v) = -2*v + 15. Let f be j(0). Let l = f + 38. What is the tens digit of l?
5
Let h be (-170)/(-30) + (-2)/(-6). Suppose t - 2*a - 3 = 4, -a = 1. Let y = h - t. What is the units digit of y?
1
Suppose -1254 = -4*t + 2*m,